9
In base 15, what is -97 + -a1?
-148
In base 6, what is -3 - -2012212?
2012205
In base 13, what is 5 + -2998?
-2993
In base 15, what is 9 - 52b?
-522
In base 7, what is -56 + -305636?
-306025
In base 3, what is 221 - -212120101?
212121022
In base 14, what is -4 + 155a9?
155a5
In base 5, what is -3400 - -1202?
-2143
In base 3, what is 2 + -10022011100?
-10022011021
In base 9, what is 133 + 177?
321
In base 8, what is -11 - 42245?
-42256
In base 9, what is -3 + -237378?
-237382
In base 4, what is -32012 - -1102?
-30310
In base 10, what is 16707 + 62?
16769
In base 15, what is -9c - -bc9?
b2c
In base 5, what is -23 - 1102120?
-1102143
In base 7, what is 5311 + 3254?
11565
In base 10, what is -1210 - -5?
-1205
In base 3, what is -1210101221 + 20?
-1210101201
In base 14, what is -6823 + -5?
-6828
In base 4, what is -3131 - 202122?
-211313
In base 3, what is -1112 - -10012122?
10011010
In base 6, what is 5421 + 3015?
12440
In base 11, what is -2601 - 463?
-2a64
In base 14, what is -5b - 8444?
-84a1
In base 14, what is -106 - 174?
-27a
In base 5, what is 4 - 2130400?
-2130341
In base 7, what is -4 - -2632134?
2632130
In base 3, what is -211 + 2012101021?
2012100110
In base 8, what is 15 - -5574?
5611
In base 6, what is 10000 + -1122?
4434
In base 13, what is 2632 - b7?
2548
In base 12, what is 5 + 4b986?
4b98b
In base 12, what is -35 - aa4?
-b19
In base 7, what is -112 - 32213?
-32325
In base 16, what is -7 + 15b2?
15ab
In base 14, what is -87d4b - -5?
-87d46
In base 4, what is -121130320 + -11?
-121130331
In base 5, what is 340113 - -21?
340134
In base 4, what is 20330001 - -1?
20330002
In base 11, what is -10 + 19621?
19611
In base 7, what is 30014 - 1051?
25633
In base 12, what is 1243 + -22?
1221
In base 5, what is -2 + 302424?
302422
In base 6, what is 424255 + 2?
424301
In base 13, what is b + -16ab?
-16a0
In base 11, what is -a4237 - -6?
-a4231
In base 2, what is -101110010001111110000 - 100?
-101110010001111110100
In base 3, what is -112 + -21102002221?
-21102010110
In base 13, what is -33 - 59c2?
-5a25
In base 7, what is 362 - 3631?
-3236
In base 9, what is -5 + 64521?
64515
In base 3, what is 101002110 - -222111?
102001221
In base 12, what is -49 - 1586?
-1613
In base 14, what is 4 - 5c2b?
-5c27
In base 16, what is -6 + -6b5c9?
-6b5cf
In base 13, what is -30ca82 + -4?
-30ca86
In base 15, what is 11 + -4a61?
-4a50
In base 11, what is -5a2a + -5?
-5a34
In base 10, what is 468 + 201?
669
In base 8, what is 0 - 312032?
-312032
In base 7, what is 4156 + -65?
4061
In base 12, what is 1 + -608ab?
-608aa
In base 14, what is 3 + -28dd?
-28da
In base 9, what is -5387 - 21?
-5418
In base 15, what is 22e13 + 3?
22e16
In base 16, what is -2 - -ed1a9?
ed1a7
In base 3, what is -1122200020 - -1021?
-1122121222
In base 16, what is -3b - -43?
8
In base 2, what is -10001 - -1110001111110?
1110001101101
In base 6, what is -2 + 3422534?
3422532
In base 2, what is -1000 + -100100001010011100?
-100100001010100100
In base 9, what is -126 - 128?
-255
In base 5, what is 4 - 1104404?
-1104400
In base 5, what is -4 + -1002102?
-1002111
In base 8, what is 142041 - 2?
142037
In base 5, what is 3 + -302103?
-302100
In base 5, what is 33023 + -1344?
31124
In base 9, what is 6 - -11867?
11874
In base 12, what is 4 + -51b96?
-51b92
In base 5, what is 2 - 1130102?
-1130100
In base 7, what is -13003 - -32?
-12641
In base 11, what is -1484 - -384?
-1100
In base 6, what is 24043 - -333?
24420
In base 8, what is -15 - 222544?
-222561
In base 16, what is -10 + -bbd?
-bcd
In base 6, what is 0 - 324421?
-324421
In base 3, what is 2101122210 + -11?
2101122122
In base 14, what is 4cd5 - 6?
4ccd
In base 5, what is -42 + 1240111?
1240014
In base 9, what is -3 + -707362?
-707365
In base 15, what is -31 + -4?
-35
In base 7, what is -15 + -63421?
-63436
In base 16, what is 4 - -1f85?
1f89
In base 11, what is -911 - -111?
-800
In base 13, what is -31a17 - -3?
-31a14
In base 15, what is 1ce5 + -ea?
1bea
In base 8, what is -516073 - 1?
-516074
In base 3, what is 1002211 - -1010?
1010221
In base 4, what is 300331022 + 3?
300331031
In base 3, what is -1202020 - 2210211?
-11120001
In base 15, what is 1 + -3edd?
-3edc
In base 15, what is 16 - -24e45?
24e5b
In base 14, what is -26383 + 2?
-26381
In base 5, what is -1122 + -2242?
-3414
In base 12, what is 12 - 1097b?
-10969
In base 5, what is 133302 + -122?
133130
In base 9, what is -1 + -2525?
-2526
In base 14, what is ca - 8?
c2
In base 7, what is -34242 + -121?
-34363
In base 10, what is -11 - -73233?
73222
In base 12, what is 3 + -16035?
-16032
In base 12, what is -55a65 - -2?
-55a63
In base 4, what is 2 + 2100232021?
2100232023
In base 6, what is 1 - 522554?
-522553
In base 15, what is -3 - -817d?
817a
In base 6, what is 141 - -544045?
544230
In base 11, what is 31a2 - 17?
3186
In base 10, what is 5 + -7847?
-7842
In base 5, what is 3 + -4200423?
-4200420
In base 4, what is 22033 - -111?
22210
In base 12, what is -49 + -2069?
-20b6
In base 9, what is 3 + 34733?
34736
In base 7, what is 252506 + 3?
252512
In base 13, what is 33 - 1c15?
-1bb2
In base 15, what is -b5eb + 8?
-b5e3
In base 14, what is -1d01 + -40?
-1d41
In base 3, what is 22020 + 1122011?
1221101
In base 9, what is 5 + 61467?
61473
In base 4, what is 12 - -3301333?
3302011
In base 8, what is -6 + 125066?
125060
In base 2, what is -1000100011 + 1110000?
-110110011
In base 13, what is 690 + -37?
656
In base 5, what is 2041111 + 204?
2041320
In base 2, what is 1111 - 111001101011?
-111001011100
In base 15, what is -5 + -911d?
-9123
In base 2, what is -110 - -11011001011101001?
11011001011100011
In base 2, what is 1011100110110 + -11101110?
1011001001000
In base 6, what is -335 - 55?
-434
In base 11, what is -1a36 - a?
-1a45
In base 6, what is 153 - -425?
1022
In base 2, what is 100001 - -10010110011?
10011010100
In base 3, what is -1011010102012 + -12?
-1011010102101
In base 4, what is 11 + -30133203?
-30133132
In base 6, what is -4020 - -10?
-4010
In base 11, what is 10048 + -11?
10037
In base 8, what is -60337 - 4?
-60343
In base 2, what is -10011001010001101111 - 1?
-10011001010001110000
In base 13, what is 126290 + 2?
126292
In base 16, what is 6 - -ee281?
ee287
In base 6, what is -3 - 32403052?
-32403055
In base 14, what is 144a - -121?
156b
In base 9, what is -26672 + -72?
-26754
In base 4, what is 121 + -32132?
-32011
In base 13, what is 5 - 544c0?
-544b8
In base 7, what is -24210 + 5?
-24202
In base 11, what is -20 + -515?
-535
In base 12, what is 0 + 87824?
87824
In base 11, what is 495 - 53a9?
-4a14
In base 16, what is -18e + f9?
-95
In base 5, what is -12301 + 123?
-12123
In base 15, what is 7d - -bb3?
c41
In base 2, what is -1000011011010101010 + 101?
-1000011011010100101
In base 13, what is -66 - -437?
3a1
In base 14, what is 16 - -1294?
12aa
In base 15, what is ba8 - 2ce?
8c9
In base 7, what is 435 + 1116?
1554
In base 12, what is -23b09 + 3?
-23b06
In base 11, what is -690 - 22?
-702
In base 3, what is 1122 + -1000122?
-222000
In base 8, what is 267243 - 5?
267236
In base 16, what is 10 - -9441?
9451
In base 15, what is -2439b4 + 4?
-2439b0
In base 3, what is 1 - 211211010?
-211211002
In base 11, what is 26600 + 7?
26607
In base 10, what is 19503 - -51?
19554
In base 4, what is 13 + -3322301?
-3322222
In base 12, what is -50 + -2820?
-2870
In base 14, what is aa0d - -7?
aa16
In base 12, what is -3023a + -8?
-30246
In base 8, what is -11313 - -35?
-11256
In base 10, what is 26 + 273?
299
In base 4, what is -21202000 + 210?
-21201130
In base 13, what is -2c - 60?
-8c
In base 12, what is 10 + -1475?
-1465
In base 9, what is 32 - 871?
-838
In base 13, what is a04 + -3?
a01
In base 16, what is -19 + 40b?
3f2
In base 10, what is 31335 - -70?
31405
In base 10, what is 0 + 452846?
452846
In base 14, what is 2ba + 54?
330
In base 11, what is -4a90 + 8?
-4a83
In base 10, what is -92811 + -5?
-92816
In base 10, what is 1 - -500230?
500231
In base 14, what is 1b4 + 159a?
1770
In base 14, what is -4 + 1256?
1252
In base 12, what is 45341 - -2?
45343
In base 3, what is -102200020 + -222?
-102201012
In base 3, what is -100120 - 20120?
-121010
In base 2, what is -101000110010 + 1101?
-101000100101
In base 14, what is 3 - -3bb0c?
3bb11
In base 13, what is -5 - 4002?
-4007
In base